{"id":5874,"date":"2022-11-17T23:18:29","date_gmt":"2022-11-17T23:18:29","guid":{"rendered":"https:\/\/www.strapp.de\/wordpress\/?page_id=5874"},"modified":"2025-12-29T05:47:41","modified_gmt":"2025-12-29T05:47:41","slug":"europa-radreise-1983","status":"publish","type":"page","link":"https:\/\/strapp.de\/blog\/europa-radreise-1983\/","title":{"rendered":"Europa-Radreise 1983"},"content":{"rendered":"<span style=\"font-size: 16pt;\">Die<\/span> <em><span style=\"font-size: 18pt; color: #333333;\"><a style=\"color: #333333;\" href=\"https:\/\/www.strapp.de\/radreise%201.htm\"><span style=\"font-size: 16pt;\">Europa-Radreise vom 16.03. bis zum 24.05.1983<\/span><\/a><\/span><\/em> <span style=\"font-size: 16pt;\">war f\u00fcr mich als damals Drei\u00dfigj\u00e4hriger ein ganz entscheidender Wendepunkt in meinem Leben.<\/span>\r\n<br class=\"\u201cclear\u201d\"><br class=\"\u201cclear\u201d\"><span style=\"font-size: 16pt;\">Nach Abschluss des Studiums der Biologie und Chemie f\u00fcr das Lehramt an Gymnasien und der sich anschlie\u00dfenden 1\u00bd j\u00e4hrigen Referendarzeit wurde 1983 zum ersten Mal ein massiver Einstellungsstopp in den Schuldienst des Landes Baden-W\u00fcrttemberg verf\u00fcgt. Da in den Jahren darauf f\u00fcr die erfolgreichen Absolventen keine Wartelisten erstellt wurden, und die Noten f\u00fcr weitere Einstellungen, \u00e4hnlich wie Jahre zuvor bei der Einf\u00fchrung des Numerus Clausus f\u00fcr verschiedene Studieng\u00e4nge an Universit\u00e4ten, immer besser gemacht wurden, war ich systembedingt aus dem Rennen und im Bereich der beruflichen Perspektivlosigkeit.<\/span>\r\n\r\n<br class=\"\u201cclear\u201d\"><br class=\"\u201cclear\u201d\"><span style=\"font-size: 16pt;\">Ich frage mich bis heute, was aus den zigtausenden Lehramtsabsolventen geworden ist, die zu dieser Zeit aus dem System fielen.<\/span>\r\n<br class=\"\u201cclear\u201d\"><br class=\"\u201cclear\u201d\"><span style=\"font-size: 16pt;\">Um finanziell \u00fcber die Runden zu kommen, machte ich den Taxischein f\u00fcr Stuttgart, und hatte mich f\u00fcr ein Angebot beworben und auch bekommen f\u00fcr eine Firma zu arbeiten, die im Bereich der aufkommenden elektronischen Datenverarbeitung t\u00e4tig war, mit gestelltem Dienstwagen und f\u00fcr damalige Verh\u00e4ltnisse akzeptablem Gehalt.<\/span>\r\n<br class=\"\u201cclear\u201d\"><br class=\"\u201cclear\u201d\"><span style=\"font-size: 16pt;\">Ich war aber nicht gewillt, eine 15semestrige Ausbildung und die damit verbundenen Intentionen einfach so wegzuwerfen.<\/span>\r\n<br class=\"\u201cclear\u201d\"><br class=\"\u201cclear\u201d\"><span style=\"font-size: 16pt;\">In der sich anschlie\u00dfenden depressiven Lebensphase, gepr\u00e4gt von finanziellen Engp\u00e4ssen, bedr\u00fcckenden Wohnsituationen und schwierigen Beziehungsproblemen entschied ich mich, mit dem Rad nach Spanien zu fahren. Der Original-Kommentar meines Tagebuchs von 1983:<\/span>\r\n<br class=\"\u201cclear\u201d\"><br class=\"\u201cclear\u201d\"><span style=\"font-size: 16pt;\">\u201eDie Lage ist ung\u00fcnstig. Zum jetzigen Zeitpunkt sind alle meine Zukunftspl\u00e4ne und Zukunftsaussichten nahezu zerschlagen.\u201c<\/span>\r\n<br class=\"\u201cclear\u201d\"><br class=\"\u201cclear\u201d\"><span style=\"font-size: 16pt;\">In der f\u00fcr mich verzweifelten Situation begann ich, in einem eisigen M\u00e4rz des Jahres 1983, diese Radreise.<\/span>\r\n<span style=\"font-size: 16pt;\">Diese Radreise, die mir viele Herausforderungen stellte, stellte sich im Nachhinein als Gl\u00fccksfall dar. Sie offenbarte mir die Erkenntnis, dass ich auftretende Schwierigkeiten \u00fcberwinden kann, und ohne Sprachkenntnisse mit mannigfaltigem Erkenntnisgewinn durch fremde L\u00e4nder reisen kann.<\/span>\r\n<span style=\"font-size: 16pt;\">Sie hat mir das damals fehlende Selbstvertrauen gebracht.<\/span>\r\n<br class=\"\u201cclear\u201d\"><br class=\"\u201cclear\u201d\"><span style=\"font-size: 16pt;\">Und hat im darauffolgenden Jahr das Selbstvertrauen erm\u00f6glicht, mich f\u00fcr eine Stelle als<em> <a href=\"https:\/\/www.strapp.de\/ecuador%200.htm\"><span style=\"color: #333333;\">Gymnasiallehrer an der Deutschen Schule Quito\/Ecuador<\/span><\/a><\/em>&nbsp;zu bewerben und dann auch zu bekommen.<\/span>\r\n<br class=\"\u201cclear\u201d\"><br class=\"\u201cclear\u201d\"><span style=\"font-size: 16pt;\">Die diesbez\u00fcgliche Anzeige aus der \u201eZEIT\u201c hatte mir mein Schwager Roger zukommen lassen, wof\u00fcr ich ihm noch heute dankbar bin. Auf diese Anzeige hatten sich damals mehrere Dutzend Interessenten beworben.<\/span>\r\n<br class=\"\u201cclear\u201d\"><br class=\"\u201cclear\u201d\"><span style=\"font-size: 16pt;\">Grobskizze des Reiseverlaufs:<\/span>\r\n\r\n<img loading=\"lazy\" decoding=\"async\" class=\"\" src=\"https:\/\/www.strapp.de\/wordpress\/wp-content\/uploads\/2022\/11\/RR-83-Verlauf.jpg\" alt=\"\" width=\"553\" height=\"460\">&nbsp;\r\n\r\n&nbsp;\r\n\r\n<span style=\"font-size: 16pt;\">Zur&nbsp;<a href=\"https:\/\/www.strapp.de\/radreise%201.htm\">Europa-Radreise 1983<\/a><\/span>","protected":false},"excerpt":{"rendered":"Die Europa-Radreise vom 16.03. bis zum 24.05.1983 war f\u00fcr mich als damals Drei\u00dfigj\u00e4hriger ein ganz entscheidender Wendepunkt in meinem Leben. Nach Abschluss des Studiums der Biologie und Chemie f\u00fcr das Lehramt an Gymnasien und der sich anschlie\u00dfenden 1\u00bd j\u00e4hrigen Referendarzeit &hellip; <a href=\"https:\/\/strapp.de\/blog\/europa-radreise-1983\/\">Weiterlesen <span class=\"meta-nav\">&rarr;<\/span><\/a>","protected":false},"author":1,"featured_media":0,"parent":0,"menu_order":0,"comment_status":"closed","ping_status":"closed","template":"","meta":{"ngg_post_thumbnail":0,"footnotes":""},"class_list":["post-5874","page","type-page","status-publish","hentry"],"yoast_head":"<!-- This site is optimized with the Yoast SEO plugin v27.4 - https:\/\/yoast.com\/product\/yoast-seo-wordpress\/ -->\n<title>Europa-Radreise 1983 |<\/title>\n<meta name=\"robots\" content=\"index, follow, max-snippet:-1, max-image-preview:large, max-video-preview:-1\" \/>\n<link rel=\"canonical\" href=\"https:\/\/strapp.de\/blog\/europa-radreise-1983\/\" \/>\n<meta property=\"og:locale\" content=\"de_DE\" \/>\n<meta property=\"og:type\" content=\"article\" \/>\n<meta property=\"og:title\" content=\"Europa-Radreise 1983 |\" \/>\n<meta property=\"og:description\" content=\"Die Europa-Radreise vom 16.03. bis zum 24.05.1983 war f\u00fcr mich als damals Drei\u00dfigj\u00e4hriger ein ganz entscheidender Wendepunkt in meinem Leben. Nach Abschluss des Studiums der Biologie und Chemie f\u00fcr das Lehramt an Gymnasien und der sich anschlie\u00dfenden 1\u00bd j\u00e4hrigen Referendarzeit &hellip; Weiterlesen &rarr;\" \/>\n<meta property=\"og:url\" content=\"https:\/\/strapp.de\/blog\/europa-radreise-1983\/\" \/>\n<meta property=\"og:site_name\" content=\"strappradblog\" \/>\n<meta property=\"article:modified_time\" content=\"2025-12-29T05:47:41+00:00\" \/>\n<meta property=\"og:image\" content=\"https:\/\/www.strapp.de\/wordpress\/wp-content\/uploads\/2022\/11\/RR-83-Verlauf.jpg\" \/>\n<meta name=\"twitter:card\" content=\"summary_large_image\" \/>\n<meta name=\"twitter:label1\" content=\"Gesch\u00e4tzte Lesezeit\" \/>\n\t<meta name=\"twitter:data1\" content=\"3\u00a0Minuten\" \/>\n<script type=\"application\/ld+json\" class=\"yoast-schema-graph\">{\"@context\":\"https:\\\/\\\/schema.org\",\"@graph\":[{\"@type\":\"WebPage\",\"@id\":\"https:\\\/\\\/strapp.de\\\/blog\\\/europa-radreise-1983\\\/\",\"url\":\"https:\\\/\\\/strapp.de\\\/blog\\\/europa-radreise-1983\\\/\",\"name\":\"Europa-Radreise 1983 |\",\"isPartOf\":{\"@id\":\"https:\\\/\\\/strapp.de\\\/blog\\\/#website\"},\"primaryImageOfPage\":{\"@id\":\"https:\\\/\\\/strapp.de\\\/blog\\\/europa-radreise-1983\\\/#primaryimage\"},\"image\":{\"@id\":\"https:\\\/\\\/strapp.de\\\/blog\\\/europa-radreise-1983\\\/#primaryimage\"},\"thumbnailUrl\":\"https:\\\/\\\/www.strapp.de\\\/wordpress\\\/wp-content\\\/uploads\\\/2022\\\/11\\\/RR-83-Verlauf.jpg\",\"datePublished\":\"2022-11-17T23:18:29+00:00\",\"dateModified\":\"2025-12-29T05:47:41+00:00\",\"breadcrumb\":{\"@id\":\"https:\\\/\\\/strapp.de\\\/blog\\\/europa-radreise-1983\\\/#breadcrumb\"},\"inLanguage\":\"de\",\"potentialAction\":[{\"@type\":\"ReadAction\",\"target\":[\"https:\\\/\\\/strapp.de\\\/blog\\\/europa-radreise-1983\\\/\"]}]},{\"@type\":\"ImageObject\",\"inLanguage\":\"de\",\"@id\":\"https:\\\/\\\/strapp.de\\\/blog\\\/europa-radreise-1983\\\/#primaryimage\",\"url\":\"https:\\\/\\\/www.strapp.de\\\/wordpress\\\/wp-content\\\/uploads\\\/2022\\\/11\\\/RR-83-Verlauf.jpg\",\"contentUrl\":\"https:\\\/\\\/www.strapp.de\\\/wordpress\\\/wp-content\\\/uploads\\\/2022\\\/11\\\/RR-83-Verlauf.jpg\"},{\"@type\":\"BreadcrumbList\",\"@id\":\"https:\\\/\\\/strapp.de\\\/blog\\\/europa-radreise-1983\\\/#breadcrumb\",\"itemListElement\":[{\"@type\":\"ListItem\",\"position\":1,\"name\":\"Startseite\",\"item\":\"https:\\\/\\\/www.strapp.de\\\/wordpress\\\/\"},{\"@type\":\"ListItem\",\"position\":2,\"name\":\"Europa-Radreise 1983\"}]},{\"@type\":\"WebSite\",\"@id\":\"https:\\\/\\\/strapp.de\\\/blog\\\/#website\",\"url\":\"https:\\\/\\\/strapp.de\\\/blog\\\/\",\"name\":\"strappradblog\",\"description\":\"siegfried trapp slowblog\",\"publisher\":{\"@id\":\"https:\\\/\\\/strapp.de\\\/blog\\\/#\\\/schema\\\/person\\\/59710c1e63ddfbccb993a17dbeb92abd\"},\"potentialAction\":[{\"@type\":\"SearchAction\",\"target\":{\"@type\":\"EntryPoint\",\"urlTemplate\":\"https:\\\/\\\/strapp.de\\\/blog\\\/?s={search_term_string}\"},\"query-input\":{\"@type\":\"PropertyValueSpecification\",\"valueRequired\":true,\"valueName\":\"search_term_string\"}}],\"inLanguage\":\"de\"},{\"@type\":[\"Person\",\"Organization\"],\"@id\":\"https:\\\/\\\/strapp.de\\\/blog\\\/#\\\/schema\\\/person\\\/59710c1e63ddfbccb993a17dbeb92abd\",\"name\":\"Siegfried Trapp\",\"image\":{\"@type\":\"ImageObject\",\"inLanguage\":\"de\",\"@id\":\"https:\\\/\\\/www.strapp.de\\\/wordpress\\\/wp-content\\\/uploads\\\/2019\\\/10\\\/favi.ico\",\"url\":\"https:\\\/\\\/www.strapp.de\\\/wordpress\\\/wp-content\\\/uploads\\\/2019\\\/10\\\/favi.ico\",\"contentUrl\":\"https:\\\/\\\/www.strapp.de\\\/wordpress\\\/wp-content\\\/uploads\\\/2019\\\/10\\\/favi.ico\",\"width\":16,\"height\":16,\"caption\":\"Siegfried Trapp\"},\"logo\":{\"@id\":\"https:\\\/\\\/www.strapp.de\\\/wordpress\\\/wp-content\\\/uploads\\\/2019\\\/10\\\/favi.ico\"},\"sameAs\":[\"http:\\\/\\\/www.strapp.de\"]}]}<\/script>\n<!-- \/ Yoast SEO plugin. -->","yoast_head_json":{"title":"Europa-Radreise 1983 |","robots":{"index":"index","follow":"follow","max-snippet":"max-snippet:-1","max-image-preview":"max-image-preview:large","max-video-preview":"max-video-preview:-1"},"canonical":"https:\/\/strapp.de\/blog\/europa-radreise-1983\/","og_locale":"de_DE","og_type":"article","og_title":"Europa-Radreise 1983 |","og_description":"Die Europa-Radreise vom 16.03. bis zum 24.05.1983 war f\u00fcr mich als damals Drei\u00dfigj\u00e4hriger ein ganz entscheidender Wendepunkt in meinem Leben. Nach Abschluss des Studiums der Biologie und Chemie f\u00fcr das Lehramt an Gymnasien und der sich anschlie\u00dfenden 1\u00bd j\u00e4hrigen Referendarzeit &hellip; Weiterlesen &rarr;","og_url":"https:\/\/strapp.de\/blog\/europa-radreise-1983\/","og_site_name":"strappradblog","article_modified_time":"2025-12-29T05:47:41+00:00","og_image":[{"url":"https:\/\/www.strapp.de\/wordpress\/wp-content\/uploads\/2022\/11\/RR-83-Verlauf.jpg","type":"","width":"","height":""}],"twitter_card":"summary_large_image","twitter_misc":{"Gesch\u00e4tzte Lesezeit":"3\u00a0Minuten"},"schema":{"@context":"https:\/\/schema.org","@graph":[{"@type":"WebPage","@id":"https:\/\/strapp.de\/blog\/europa-radreise-1983\/","url":"https:\/\/strapp.de\/blog\/europa-radreise-1983\/","name":"Europa-Radreise 1983 |","isPartOf":{"@id":"https:\/\/strapp.de\/blog\/#website"},"primaryImageOfPage":{"@id":"https:\/\/strapp.de\/blog\/europa-radreise-1983\/#primaryimage"},"image":{"@id":"https:\/\/strapp.de\/blog\/europa-radreise-1983\/#primaryimage"},"thumbnailUrl":"https:\/\/www.strapp.de\/wordpress\/wp-content\/uploads\/2022\/11\/RR-83-Verlauf.jpg","datePublished":"2022-11-17T23:18:29+00:00","dateModified":"2025-12-29T05:47:41+00:00","breadcrumb":{"@id":"https:\/\/strapp.de\/blog\/europa-radreise-1983\/#breadcrumb"},"inLanguage":"de","potentialAction":[{"@type":"ReadAction","target":["https:\/\/strapp.de\/blog\/europa-radreise-1983\/"]}]},{"@type":"ImageObject","inLanguage":"de","@id":"https:\/\/strapp.de\/blog\/europa-radreise-1983\/#primaryimage","url":"https:\/\/www.strapp.de\/wordpress\/wp-content\/uploads\/2022\/11\/RR-83-Verlauf.jpg","contentUrl":"https:\/\/www.strapp.de\/wordpress\/wp-content\/uploads\/2022\/11\/RR-83-Verlauf.jpg"},{"@type":"BreadcrumbList","@id":"https:\/\/strapp.de\/blog\/europa-radreise-1983\/#breadcrumb","itemListElement":[{"@type":"ListItem","position":1,"name":"Startseite","item":"https:\/\/www.strapp.de\/wordpress\/"},{"@type":"ListItem","position":2,"name":"Europa-Radreise 1983"}]},{"@type":"WebSite","@id":"https:\/\/strapp.de\/blog\/#website","url":"https:\/\/strapp.de\/blog\/","name":"strappradblog","description":"siegfried trapp slowblog","publisher":{"@id":"https:\/\/strapp.de\/blog\/#\/schema\/person\/59710c1e63ddfbccb993a17dbeb92abd"},"potentialAction":[{"@type":"SearchAction","target":{"@type":"EntryPoint","urlTemplate":"https:\/\/strapp.de\/blog\/?s={search_term_string}"},"query-input":{"@type":"PropertyValueSpecification","valueRequired":true,"valueName":"search_term_string"}}],"inLanguage":"de"},{"@type":["Person","Organization"],"@id":"https:\/\/strapp.de\/blog\/#\/schema\/person\/59710c1e63ddfbccb993a17dbeb92abd","name":"Siegfried Trapp","image":{"@type":"ImageObject","inLanguage":"de","@id":"https:\/\/www.strapp.de\/wordpress\/wp-content\/uploads\/2019\/10\/favi.ico","url":"https:\/\/www.strapp.de\/wordpress\/wp-content\/uploads\/2019\/10\/favi.ico","contentUrl":"https:\/\/www.strapp.de\/wordpress\/wp-content\/uploads\/2019\/10\/favi.ico","width":16,"height":16,"caption":"Siegfried Trapp"},"logo":{"@id":"https:\/\/www.strapp.de\/wordpress\/wp-content\/uploads\/2019\/10\/favi.ico"},"sameAs":["http:\/\/www.strapp.de"]}]}},"_links":{"self":[{"href":"https:\/\/strapp.de\/blog\/wp-json\/wp\/v2\/pages\/5874","targetHints":{"allow":["GET"]}}],"collection":[{"href":"https:\/\/strapp.de\/blog\/wp-json\/wp\/v2\/pages"}],"about":[{"href":"https:\/\/strapp.de\/blog\/wp-json\/wp\/v2\/types\/page"}],"author":[{"embeddable":true,"href":"https:\/\/strapp.de\/blog\/wp-json\/wp\/v2\/users\/1"}],"replies":[{"embeddable":true,"href":"https:\/\/strapp.de\/blog\/wp-json\/wp\/v2\/comments?post=5874"}],"version-history":[{"count":35,"href":"https:\/\/strapp.de\/blog\/wp-json\/wp\/v2\/pages\/5874\/revisions"}],"predecessor-version":[{"id":6403,"href":"https:\/\/strapp.de\/blog\/wp-json\/wp\/v2\/pages\/5874\/revisions\/6403"}],"wp:attachment":[{"href":"https:\/\/strapp.de\/blog\/wp-json\/wp\/v2\/media?parent=5874"}],"curies":[{"name":"wp","href":"https:\/\/api.w.org\/{rel}","templated":true}]}}