{"id":2457,"date":"2016-11-10T12:06:05","date_gmt":"2016-11-10T12:06:05","guid":{"rendered":"http:\/\/www.strapp.de\/wordpress\/?page_id=2457"},"modified":"2025-09-13T22:32:05","modified_gmt":"2025-09-13T22:32:05","slug":"suedwesteuropa-mit-dem-roller","status":"publish","type":"page","link":"https:\/\/strapp.de\/blog\/suedwesteuropa-mit-dem-roller\/","title":{"rendered":"S\u00fcdwesteuropa mit dem Roller"},"content":{"rendered":"<a href=\"https:\/\/www.strapp.de\/wordpress\/wp-content\/uploads\/2024\/12\/P1100287-1.jpg\"><img loading=\"lazy\" decoding=\"async\" class=\"alignnone wp-image-2483\" src=\"http:\/\/www.strapp.de\/wordpress\/wp-content\/uploads\/2016\/11\/P1100288e-150x150.jpg\" alt=\"Boxster S\" width=\"76\" height=\"76\"><\/a> &nbsp; &nbsp; &nbsp;&nbsp; &nbsp; &nbsp; &nbsp; &nbsp; &nbsp; &nbsp; &nbsp; <a href=\"https:\/\/www.strapp.de\/wordpress\/wp-content\/uploads\/2016\/11\/Yaris-Hybrid.jpg\"><img loading=\"lazy\" decoding=\"async\" class=\"alignnone wp-image-2484\" src=\"http:\/\/www.strapp.de\/wordpress\/wp-content\/uploads\/2016\/11\/Yaris-Hybrid-150x150-1478869190.jpg\" alt=\"Yaris Hybrid\" width=\"112\" height=\"112\"><\/a> &nbsp; &nbsp;&nbsp; &nbsp;&nbsp; &nbsp;&nbsp; &nbsp;&nbsp; &nbsp; &nbsp; &nbsp;&nbsp; <a href=\"https:\/\/www.strapp.de\/wordpress\/wp-content\/uploads\/2016\/11\/P1020354.jpg\"><img loading=\"lazy\" decoding=\"async\" class=\"alignnone wp-image-2524\" src=\"https:\/\/www.strapp.de\/wordpress\/wp-content\/uploads\/2016\/11\/P1020354-225x300.jpg\" alt=\"\" width=\"86\" height=\"115\" srcset=\"https:\/\/strapp.de\/blog\/wp-content\/uploads\/2016\/11\/P1020354-225x300.jpg 225w, https:\/\/strapp.de\/blog\/wp-content\/uploads\/2016\/11\/P1020354-767x1024.jpg 767w, https:\/\/strapp.de\/blog\/wp-content\/uploads\/2016\/11\/P1020354.jpg 1138w\" sizes=\"auto, (max-width: 86px) 100vw, 86px\" \/><\/a>\r\n\r\n<span style=\"font-size: 16pt;\">Was bewegt mich, der im Jahr 2016, wenn immer es geht, mit dem Rad f\u00e4hrt, sonst ab und zu mit dem Cabrio, oder&nbsp; bei schlechtem Wetter mit dem relativ umweltfreundlichen Hybridauto, eine Reise mit einem Roller zu machen?<\/span>\r\n\r\n<span style=\"font-size: 16pt;\">Die geplante Reise war so mit dem Rad nicht machbar. Eine Reise mit einem Auto ist was anderes als mit dem Motorroller. Mit dem Auto ist es ist bequemer, vor allem aber sicherer: Vor K\u00e4lte, vor Hitze, vor Regen, vor Seitenwind. Und sicherer nat\u00fcrlich als Verkehrsteilnehmer: Was mit dem Auto vielleicht nur mit einer Beule in der Karosserie endet, bedeutet mit dem Zweirad Sturz und Verletzungen. Das Gef\u00fchl der Unsicherheit ist ungleich gr\u00f6\u00dfer, z.B. wenn man sich auf einer Vorfahrtstra\u00dfe befindet und von der Nebenstra\u00dfe ein Auto auf einen zurollt und erst im letzten Moment abbremst.<\/span>\r\n\r\n<span style=\"font-size: 16pt;\">Spurrillen im Stra\u00dfenbelag, Schienenstr\u00e4nge auf der Stra\u00dfe, Rollsplitt, N\u00e4sse: F\u00fcr den Roller ein ungleich gr\u00f6\u00dferes Problem.<\/span>\r\n\r\n<span style=\"font-size: 16pt;\">In unserer sicherheitsw\u00fctigen Gesellschaft habe ich dieses Risiko auch bewusst gew\u00e4hlt. Bekanntlich ist das Leben gef\u00e4hrlich und endet immer t\u00f6dlich.<\/span>\r\n\r\n<span style=\"font-size: 16pt;\">Andere Vorteile liegen beim Zweirad klar auf der Hand: Ich kann relativ unproblematisch einspurige Nebenwege benutzen, ich bin n\u00e4her an der Natur: Wind, Sonne, Regen, ich kann den Wald riechen, zum Schauen und Fotografieren fast \u00fcberall anhalten, den Stau \u00fcberholen, und finde auch einen Abstellplatz in Innenst\u00e4dten.<\/span>\r\n\r\n<span style=\"font-size: 16pt;\">1983 war ich mit dem <span style=\"color: #000080;\"><a style=\"color: #000080;\" href=\"http:\/\/www.strapp.de\/radreise%201.htm\">Rad von der Ostalb nach Sevilla<\/a><\/span> gefahren, in einer Zeit nach Studium und Berufsausbildung und einer sich daran anschlie\u00dfenden Arbeitslosigkeit, und einer ungewissen Zukunft.<\/span>\r\n\r\n<span style=\"font-size: 16pt;\">In einer gewissen Weise wiederholt sich dieser Zustand 33 Jahre spater, nach dem m\u00f6glichen Ende der Berufst\u00e4tigkeit oder zumindest einer vollen&nbsp;Berufst\u00e4tigkeit.&nbsp;Die Strecke der Radreise allerdings sollte nicht einfach noch einmal wiederholt werden, sondern nur Teile davon rekapituliert, und es sollte auch was neues dazu kommen. So entstand die Idee, 8000 km mit einem einfachen 125 ccm-Roller zu fahren.<\/span>\r\n\r\n<span style=\"font-size: 16pt;\">Die knapp sechsw\u00f6chige Reise sei hier mit Ausschnitten des Reisetagebuchs dokumentiert. Wer darin ein bisschen lesen m\u00f6chte, ist herzlich eingeladen. Wer sich f\u00fcr einen Teil der Strecke (oder nat\u00fcrlich die ganze Strecke) interessiert, mag die ein oder andere Information finden.<\/span>\r\n\r\n<span style=\"font-size: 16pt;\">Die Fahrt ging in Anlehnung an die 83er-Radfahrt von der Ostalb nach Westen, um etwa auf der H\u00f6he von <em>Karlsruhe<\/em> nach Frankreich hin\u00fcber zu queren, dann&nbsp;die Flusst\u00e4ler von <em>Doubs<\/em>, <span class=\"st\"><em>Sa\u00f4ne<\/em><\/span> und <em>Rh<span class=\"st\">\u00f4<\/span>ne<\/em> hinab bis ans Mittelmeer, und dann weiter nach Westen: <em>Carcasonne<\/em>, <em>Narbonne<\/em>,<em> Bilbao<\/em>, <em>Santander<\/em>,<em> Gijon<\/em> bis zur nordwestlichsten Spitze der iberischen Halbinsel, nach S\u00fcden durch Portugal bis zur s\u00fcdwestlichsten Spitze, \u00fcber <em>Sevilla<\/em> nach<em> Tarifa<\/em>, und dann zum Teil die Mittelmeerk\u00fcste, zum Teil das Landesinnere Spaniens hinauf wieder nach Frankreich und zur\u00fcck zur<\/span> <span style=\"font-size: 16pt;\">Ostalb.<\/span>\r\n\r\n<a href=\"https:\/\/www.strapp.de\/wordpress\/wp-content\/uploads\/2016\/11\/SWE-mdR-1.jpg\"><img loading=\"lazy\" decoding=\"async\" class=\"alignnone size-full wp-image-3487\" src=\"http:\/\/www.strapp.de\/wordpress\/wp-content\/uploads\/2016\/11\/SWE-mdR-1.jpg\" alt=\"swe-mdr-1\" width=\"628\" height=\"582\" srcset=\"https:\/\/strapp.de\/blog\/wp-content\/uploads\/2016\/11\/SWE-mdR-1.jpg 628w, https:\/\/strapp.de\/blog\/wp-content\/uploads\/2016\/11\/SWE-mdR-1-300x278.jpg 300w, https:\/\/strapp.de\/blog\/wp-content\/uploads\/2016\/11\/SWE-mdR-1-324x300.jpg 324w\" sizes=\"auto, (max-width: 628px) 100vw, 628px\" \/><\/a>\r\n<p style=\"text-align: center;\"><span style=\"color: #008080;\"><span style=\"font-family: courier new,courier; font-size: 20pt;\"><a href=\"http:\/\/www.strapp.de\/wordpress\/suedwesteuropa-mit-dem-roller-etappe-1\/\">Zum ersten Teil: Aalen bis Lyon<\/a><\/span><em>\r\n<\/em><\/span><\/p>\r\n<span style=\"font-size: 8pt;\">\u00a92016<\/span>","protected":false},"excerpt":{"rendered":"&nbsp; &nbsp; &nbsp;&nbsp; &nbsp; &nbsp; &nbsp; &nbsp; &nbsp; &nbsp; &nbsp; &nbsp; &nbsp;&nbsp; &nbsp;&nbsp; &nbsp;&nbsp; &nbsp;&nbsp; &nbsp; &nbsp; &nbsp;&nbsp; Was bewegt mich, der im Jahr 2016, wenn immer es geht, mit dem Rad f\u00e4hrt, sonst ab und zu mit dem Cabrio, &hellip; <a href=\"https:\/\/strapp.de\/blog\/suedwesteuropa-mit-dem-roller\/\">Weiterlesen <span class=\"meta-nav\">&rarr;<\/span><\/a>","protected":false},"author":1,"featured_media":0,"parent":0,"menu_order":801,"comment_status":"closed","ping_status":"closed","template":"","meta":{"ngg_post_thumbnail":0,"footnotes":""},"class_list":["post-2457","page","type-page","status-publish","hentry"],"yoast_head":"<!-- This site is optimized with the Yoast SEO plugin v27.4 - https:\/\/yoast.com\/product\/yoast-seo-wordpress\/ -->\n<title>S\u00fcdwesteuropa mit dem Roller\/Startseite\/<\/title>\n<meta name=\"robots\" content=\"index, follow, max-snippet:-1, max-image-preview:large, max-video-preview:-1\" \/>\n<link rel=\"canonical\" href=\"https:\/\/strapp.de\/blog\/suedwesteuropa-mit-dem-roller\/\" \/>\n<meta property=\"og:locale\" content=\"de_DE\" \/>\n<meta property=\"og:type\" content=\"article\" \/>\n<meta property=\"og:title\" content=\"S\u00fcdwesteuropa mit dem Roller\/Startseite\/\" \/>\n<meta property=\"og:description\" content=\"&nbsp; &nbsp; &nbsp;&nbsp; &nbsp; &nbsp; &nbsp; &nbsp; &nbsp; &nbsp; &nbsp; &nbsp; &nbsp;&nbsp; &nbsp;&nbsp; &nbsp;&nbsp; &nbsp;&nbsp; &nbsp; &nbsp; &nbsp;&nbsp; Was bewegt mich, der im Jahr 2016, wenn immer es geht, mit dem Rad f\u00e4hrt, sonst ab und zu mit dem Cabrio, &hellip; Weiterlesen &rarr;\" \/>\n<meta property=\"og:url\" content=\"https:\/\/strapp.de\/blog\/suedwesteuropa-mit-dem-roller\/\" \/>\n<meta property=\"og:site_name\" content=\"strappradblog\" \/>\n<meta property=\"article:modified_time\" content=\"2025-09-13T22:32:05+00:00\" \/>\n<meta property=\"og:image\" content=\"http:\/\/www.strapp.de\/wordpress\/wp-content\/uploads\/2016\/11\/P1100288e-150x150.jpg\" \/>\n<meta name=\"twitter:card\" content=\"summary_large_image\" \/>\n<meta name=\"twitter:label1\" content=\"Gesch\u00e4tzte Lesezeit\" \/>\n\t<meta name=\"twitter:data1\" content=\"4\u00a0Minuten\" \/>\n<script type=\"application\/ld+json\" class=\"yoast-schema-graph\">{\"@context\":\"https:\\\/\\\/schema.org\",\"@graph\":[{\"@type\":\"WebPage\",\"@id\":\"https:\\\/\\\/strapp.de\\\/blog\\\/suedwesteuropa-mit-dem-roller\\\/\",\"url\":\"https:\\\/\\\/strapp.de\\\/blog\\\/suedwesteuropa-mit-dem-roller\\\/\",\"name\":\"S\u00fcdwesteuropa mit dem Roller\\\/Startseite\\\/\",\"isPartOf\":{\"@id\":\"https:\\\/\\\/strapp.de\\\/blog\\\/#website\"},\"primaryImageOfPage\":{\"@id\":\"https:\\\/\\\/strapp.de\\\/blog\\\/suedwesteuropa-mit-dem-roller\\\/#primaryimage\"},\"image\":{\"@id\":\"https:\\\/\\\/strapp.de\\\/blog\\\/suedwesteuropa-mit-dem-roller\\\/#primaryimage\"},\"thumbnailUrl\":\"http:\\\/\\\/www.strapp.de\\\/wordpress\\\/wp-content\\\/uploads\\\/2016\\\/11\\\/P1100288e-150x150.jpg\",\"datePublished\":\"2016-11-10T12:06:05+00:00\",\"dateModified\":\"2025-09-13T22:32:05+00:00\",\"breadcrumb\":{\"@id\":\"https:\\\/\\\/strapp.de\\\/blog\\\/suedwesteuropa-mit-dem-roller\\\/#breadcrumb\"},\"inLanguage\":\"de\",\"potentialAction\":[{\"@type\":\"ReadAction\",\"target\":[\"https:\\\/\\\/strapp.de\\\/blog\\\/suedwesteuropa-mit-dem-roller\\\/\"]}]},{\"@type\":\"ImageObject\",\"inLanguage\":\"de\",\"@id\":\"https:\\\/\\\/strapp.de\\\/blog\\\/suedwesteuropa-mit-dem-roller\\\/#primaryimage\",\"url\":\"http:\\\/\\\/www.strapp.de\\\/wordpress\\\/wp-content\\\/uploads\\\/2016\\\/11\\\/P1100288e-150x150.jpg\",\"contentUrl\":\"http:\\\/\\\/www.strapp.de\\\/wordpress\\\/wp-content\\\/uploads\\\/2016\\\/11\\\/P1100288e-150x150.jpg\"},{\"@type\":\"BreadcrumbList\",\"@id\":\"https:\\\/\\\/strapp.de\\\/blog\\\/suedwesteuropa-mit-dem-roller\\\/#breadcrumb\",\"itemListElement\":[{\"@type\":\"ListItem\",\"position\":1,\"name\":\"Startseite\",\"item\":\"https:\\\/\\\/www.strapp.de\\\/wordpress\\\/\"},{\"@type\":\"ListItem\",\"position\":2,\"name\":\"S\u00fcdwesteuropa mit dem Roller\"}]},{\"@type\":\"WebSite\",\"@id\":\"https:\\\/\\\/strapp.de\\\/blog\\\/#website\",\"url\":\"https:\\\/\\\/strapp.de\\\/blog\\\/\",\"name\":\"strappradblog\",\"description\":\"siegfried trapp slowblog\",\"publisher\":{\"@id\":\"https:\\\/\\\/strapp.de\\\/blog\\\/#\\\/schema\\\/person\\\/59710c1e63ddfbccb993a17dbeb92abd\"},\"potentialAction\":[{\"@type\":\"SearchAction\",\"target\":{\"@type\":\"EntryPoint\",\"urlTemplate\":\"https:\\\/\\\/strapp.de\\\/blog\\\/?s={search_term_string}\"},\"query-input\":{\"@type\":\"PropertyValueSpecification\",\"valueRequired\":true,\"valueName\":\"search_term_string\"}}],\"inLanguage\":\"de\"},{\"@type\":[\"Person\",\"Organization\"],\"@id\":\"https:\\\/\\\/strapp.de\\\/blog\\\/#\\\/schema\\\/person\\\/59710c1e63ddfbccb993a17dbeb92abd\",\"name\":\"Siegfried Trapp\",\"image\":{\"@type\":\"ImageObject\",\"inLanguage\":\"de\",\"@id\":\"https:\\\/\\\/www.strapp.de\\\/wordpress\\\/wp-content\\\/uploads\\\/2019\\\/10\\\/favi.ico\",\"url\":\"https:\\\/\\\/www.strapp.de\\\/wordpress\\\/wp-content\\\/uploads\\\/2019\\\/10\\\/favi.ico\",\"contentUrl\":\"https:\\\/\\\/www.strapp.de\\\/wordpress\\\/wp-content\\\/uploads\\\/2019\\\/10\\\/favi.ico\",\"width\":16,\"height\":16,\"caption\":\"Siegfried Trapp\"},\"logo\":{\"@id\":\"https:\\\/\\\/www.strapp.de\\\/wordpress\\\/wp-content\\\/uploads\\\/2019\\\/10\\\/favi.ico\"},\"sameAs\":[\"http:\\\/\\\/www.strapp.de\"]}]}<\/script>\n<!-- \/ Yoast SEO plugin. -->","yoast_head_json":{"title":"S\u00fcdwesteuropa mit dem Roller\/Startseite\/","robots":{"index":"index","follow":"follow","max-snippet":"max-snippet:-1","max-image-preview":"max-image-preview:large","max-video-preview":"max-video-preview:-1"},"canonical":"https:\/\/strapp.de\/blog\/suedwesteuropa-mit-dem-roller\/","og_locale":"de_DE","og_type":"article","og_title":"S\u00fcdwesteuropa mit dem Roller\/Startseite\/","og_description":"&nbsp; &nbsp; &nbsp;&nbsp; &nbsp; &nbsp; &nbsp; &nbsp; &nbsp; &nbsp; &nbsp; &nbsp; &nbsp;&nbsp; &nbsp;&nbsp; &nbsp;&nbsp; &nbsp;&nbsp; &nbsp; &nbsp; &nbsp;&nbsp; Was bewegt mich, der im Jahr 2016, wenn immer es geht, mit dem Rad f\u00e4hrt, sonst ab und zu mit dem Cabrio, &hellip; Weiterlesen &rarr;","og_url":"https:\/\/strapp.de\/blog\/suedwesteuropa-mit-dem-roller\/","og_site_name":"strappradblog","article_modified_time":"2025-09-13T22:32:05+00:00","og_image":[{"url":"http:\/\/www.strapp.de\/wordpress\/wp-content\/uploads\/2016\/11\/P1100288e-150x150.jpg","type":"","width":"","height":""}],"twitter_card":"summary_large_image","twitter_misc":{"Gesch\u00e4tzte Lesezeit":"4\u00a0Minuten"},"schema":{"@context":"https:\/\/schema.org","@graph":[{"@type":"WebPage","@id":"https:\/\/strapp.de\/blog\/suedwesteuropa-mit-dem-roller\/","url":"https:\/\/strapp.de\/blog\/suedwesteuropa-mit-dem-roller\/","name":"S\u00fcdwesteuropa mit dem Roller\/Startseite\/","isPartOf":{"@id":"https:\/\/strapp.de\/blog\/#website"},"primaryImageOfPage":{"@id":"https:\/\/strapp.de\/blog\/suedwesteuropa-mit-dem-roller\/#primaryimage"},"image":{"@id":"https:\/\/strapp.de\/blog\/suedwesteuropa-mit-dem-roller\/#primaryimage"},"thumbnailUrl":"http:\/\/www.strapp.de\/wordpress\/wp-content\/uploads\/2016\/11\/P1100288e-150x150.jpg","datePublished":"2016-11-10T12:06:05+00:00","dateModified":"2025-09-13T22:32:05+00:00","breadcrumb":{"@id":"https:\/\/strapp.de\/blog\/suedwesteuropa-mit-dem-roller\/#breadcrumb"},"inLanguage":"de","potentialAction":[{"@type":"ReadAction","target":["https:\/\/strapp.de\/blog\/suedwesteuropa-mit-dem-roller\/"]}]},{"@type":"ImageObject","inLanguage":"de","@id":"https:\/\/strapp.de\/blog\/suedwesteuropa-mit-dem-roller\/#primaryimage","url":"http:\/\/www.strapp.de\/wordpress\/wp-content\/uploads\/2016\/11\/P1100288e-150x150.jpg","contentUrl":"http:\/\/www.strapp.de\/wordpress\/wp-content\/uploads\/2016\/11\/P1100288e-150x150.jpg"},{"@type":"BreadcrumbList","@id":"https:\/\/strapp.de\/blog\/suedwesteuropa-mit-dem-roller\/#breadcrumb","itemListElement":[{"@type":"ListItem","position":1,"name":"Startseite","item":"https:\/\/www.strapp.de\/wordpress\/"},{"@type":"ListItem","position":2,"name":"S\u00fcdwesteuropa mit dem Roller"}]},{"@type":"WebSite","@id":"https:\/\/strapp.de\/blog\/#website","url":"https:\/\/strapp.de\/blog\/","name":"strappradblog","description":"siegfried trapp slowblog","publisher":{"@id":"https:\/\/strapp.de\/blog\/#\/schema\/person\/59710c1e63ddfbccb993a17dbeb92abd"},"potentialAction":[{"@type":"SearchAction","target":{"@type":"EntryPoint","urlTemplate":"https:\/\/strapp.de\/blog\/?s={search_term_string}"},"query-input":{"@type":"PropertyValueSpecification","valueRequired":true,"valueName":"search_term_string"}}],"inLanguage":"de"},{"@type":["Person","Organization"],"@id":"https:\/\/strapp.de\/blog\/#\/schema\/person\/59710c1e63ddfbccb993a17dbeb92abd","name":"Siegfried Trapp","image":{"@type":"ImageObject","inLanguage":"de","@id":"https:\/\/www.strapp.de\/wordpress\/wp-content\/uploads\/2019\/10\/favi.ico","url":"https:\/\/www.strapp.de\/wordpress\/wp-content\/uploads\/2019\/10\/favi.ico","contentUrl":"https:\/\/www.strapp.de\/wordpress\/wp-content\/uploads\/2019\/10\/favi.ico","width":16,"height":16,"caption":"Siegfried Trapp"},"logo":{"@id":"https:\/\/www.strapp.de\/wordpress\/wp-content\/uploads\/2019\/10\/favi.ico"},"sameAs":["http:\/\/www.strapp.de"]}]}},"_links":{"self":[{"href":"https:\/\/strapp.de\/blog\/wp-json\/wp\/v2\/pages\/2457","targetHints":{"allow":["GET"]}}],"collection":[{"href":"https:\/\/strapp.de\/blog\/wp-json\/wp\/v2\/pages"}],"about":[{"href":"https:\/\/strapp.de\/blog\/wp-json\/wp\/v2\/types\/page"}],"author":[{"embeddable":true,"href":"https:\/\/strapp.de\/blog\/wp-json\/wp\/v2\/users\/1"}],"replies":[{"embeddable":true,"href":"https:\/\/strapp.de\/blog\/wp-json\/wp\/v2\/comments?post=2457"}],"version-history":[{"count":56,"href":"https:\/\/strapp.de\/blog\/wp-json\/wp\/v2\/pages\/2457\/revisions"}],"predecessor-version":[{"id":6293,"href":"https:\/\/strapp.de\/blog\/wp-json\/wp\/v2\/pages\/2457\/revisions\/6293"}],"wp:attachment":[{"href":"https:\/\/strapp.de\/blog\/wp-json\/wp\/v2\/media?parent=2457"}],"curies":[{"name":"wp","href":"https:\/\/api.w.org\/{rel}","templated":true}]}}